?
True
Is 421 a factor of 1302611?
False
Is 179311 a multiple of 8?
False
Does 23 divide 18997504?
False
Is 899691 a multiple of 23?
True
Is 398397 a multiple of 9?
False
Does 16 divide 4482192?
True
Is 362 a factor of 759476?
True
Is 1972 a factor of 5222728?
False
Is 19 a factor of 48084?
False
Is 2604077 a multiple of 1343?
True
Is 86 a factor of 814420?
True
Does 544 divide 5876316?
False
Does 394 divide 242704?
True
Is 1024869 a multiple of 131?
False
Does 268 divide 6541880?
True
Is 319398 a multiple of 111?
False
Does 41 divide 907412?
True
Does 17 divide 202572?
True
Does 7 divide 1386604?
False
Is 7728 a multiple of 6?
True
Does 36 divide 355892?
False
Does 18 divide 105876?
True
Is 712 a factor of 4299056?
True
Is 1224 a factor of 1442814?
False
Is 22 a factor of 4819364?
True
Is 2076 a factor of 15813918?
False
Is 59240 a multiple of 6?
False
Is 1041621 a multiple of 99?
False
Is 829360 a multiple of 70?
True
Is 41 a factor of 1735853?
False
Does 602 divide 398178?
False
Is 338 a factor of 1258374?
True
Does 130 divide 72020?
True
Does 41 divide 1948256?
False
Is 2 a factor of 3635599?
False
Is 7697294 a multiple of 53?
False
Does 621 divide 10097682?
False
Is 279015 a multiple of 267?
True
Is 253686 a multiple of 34?
False
Does 56 divide 629552?
True
Does 5 divide 25642?
False
Is 12324 a multiple of 156?
True
Is 39 a factor of 885594?
False
Is 234 a factor of 511077?
False
Does 20 divide 466360?
True
Is 8 a factor of 4722528?
True
Is 11 a factor of 143378?
False
Is 50 a factor of 8384?
False
Is 7249604 a multiple of 34?
False
Does 85 divide 357425?
True
Is 8961816 a multiple of 16?
False
Is 2301033 a multiple of 139?
False
Is 167 a factor of 1711082?
True
Does 76 divide 41876?
True
Does 36 divide 40959?
False
Does 11 divide 24510?
False
Does 15 divide 1336515?
True
Is 267683 a multiple of 13?
True
Is 151 a factor of 2045295?
True
Is 31413928 a multiple of 26?
True
Is 39 a factor of 236379?
True
Is 1883514 a multiple of 54?
False
Is 488532 a multiple of 6?
True
Is 14 a factor of 791602?
True
Is 16636140 a multiple of 116?
True
Does 18 divide 350058?
False
Is 129682 a multiple of 14?
True
Is 7 a factor of 587741?
True
Is 3214236 a multiple of 260?
False
Is 8 a factor of 80840?
True
Is 1720170 a multiple of 18?
True
Does 724 divide 1125968?
False
Is 382 a factor of 5997716?
False
Is 67320 a multiple of 170?
True
Is 32 a factor of 298816?
True
Is 379469 a multiple of 41?
False
Is 21 a factor of 1046031?
True
Is 14 a factor of 2525063?
False
Is 870 a factor of 2462970?
True
Is 4690194 a multiple of 74?
True
Is 470 a factor of 166380?
True
Does 411 divide 1762368?
True
Is 24 a factor of 1734682?
False
Is 1234088 a multiple of 27?
False
Does 11 divide 2690787?
True
Is 21 a factor of 752541?
False
Is 8 a factor of 1273373?
False
Does 117 divide 947255?
False
Is 893961 a multiple of 431?
False
Does 9 divide 535143?
False
Is 212 a factor of 16161820?
True
Is 111 a factor of 1779400?
False
Does 1454 divide 6346710?
True
Is 9164665 a multiple of 75?
False
Is 164828 a multiple of 295?
False
Is 47821 a multiple of 6?
False
Is 130 a factor of 1506659?
False
Does 63 divide 23326?
False
Is 15 a factor of 22471?
False
Is 1495680 a multiple of 32?
True
Is 9 a factor of 40279?
False
Is 33 a factor of 13247?
False
Does 289 divide 413847?
False
Is 58 a factor of 487548?
True
Is 489193 a multiple of 486?
False
Is 213941 a multiple of 7?
True
Is 867147 a multiple of 118?
False
Is 80 a factor of 5577862?
False
Does 2 divide 907371?
False
Is 95 a factor of 762946?
False
Does 112 divide 600917?
False
Is 3301680 a multiple of 363?
False
Does 19 divide 876563?
False
Does 75 divide 3075?
True
Is 2865232 a multiple of 262?
True
Is 140 a factor of 176400?
True
Is 13511328 a multiple of 68?
True
Is 725208 a multiple of 8?
True
Is 4439 a multiple of 23?
True
Does 373 divide 460282?
True
Is 243570 a multiple of 69?
True
Is 147904 a multiple of 5?
False
Is 3437132 a multiple of 15?
False
Is 74653 a multiple of 883?
False
Does 16 divide 448399?
False
Is 5 a factor of 17645?
True
Is 2370676 a multiple of 946?
True
Is 265 a factor of 4875735?
True
Is 185 a factor of 139675?
True
Does 15 divide 111390?
True
Is 14449 a multiple of 163?
False
Does 29 divide 70644?
True
Does 23 divide 5445085?
False
Is 75780 a multiple of 18?
True
Does 219 divide 3617004?
True
Is 503 a factor of 684631?
False
Is 53 a factor of 69998?
False
Is 22298 a multiple of 11?
False
Is 234 a factor of 27889758?
True
Is 1703623 a multiple of 509?
True
Is 498 a factor of 724092?
True
Is 271 a factor of 269662?
False
Does 24 divide 203808?
True
Is 261151 a multiple of 82?
False
Is 1434108 a multiple of 793?
False
Is 66857 a multiple of 12?
False
Is 51290 a multiple of 223?
True
Does 46 divide 195086?
True
Is 6 a factor of 50202?
True
Is 7 a factor of 39571?
True
Is 5 a factor of 52775?
True
Is 414 a factor of 143658?
True
Does 131 divide 6235200?
False
Does 1227 divide 3815970?
True
Is 12774 a multiple of 5?
False
Is 298 a factor of 22746479?
False
Does 244 divide 1562716?
False
Is 24426688 a multiple of 13?
True
Is 35 a factor of 119830?
False
Is 100 a factor of 1397500?
True
Does 128 divide 134873?
False
Is 720738 a multiple of 128?
False
Is 328325 a multiple of 25?
True
Does 84 divide 756252?
True
Does 276 divide 152352?
True
Is 37 a factor of 234390?
False
Is 391 a factor of 4054835?
False
Is 53 a factor of 42505?
False
Does 82 divide 14186?
True
Is 132 a factor of 416856?
True
Is 4216479 a multiple of 3?
True
Is 238984 a multiple of 50?
False
Is 241 a factor of 7166617?
True
Is 93615 a multiple of 237?
True
Is 1381126 a multiple of 11?
False
Is 14 a factor of 743624?
True
Is 4 a factor of 116788?
True
Is 504108 a multiple of 99?
True
Is 262548 a multiple of 396?
True
Does 28 divide 117040?
True
Is 31 a factor of 1514846?
True
Does 15 divide 199586?
False
Is 945012 a multiple of 18?
False
Is 161 a factor of 18032?
True
Does 376 divide 109177?
False
Is 1298 a factor of 24197316?
True
Is 13140 a multiple of 36?
True
Is 213646 a multiple of 66?
False
Is 3062448 a multiple of 81?
True
Does 13 divide 2467201?
False
Is 374 a factor of 318040?
False
Does 19 divide 35099?
False
Is 22301 a multiple of 200?
False
Does 145 divide 24750?
False
Is 454 a factor of 1145442?
True
Does 138 divide 192234?
True
Is 14726 a multiple of 16?
False
Is 81613 a multiple of 6?
False
Is 32 a factor of 97440?
True
Is 12 a factor of 98600?
False
Is 4 a factor of 23536?
True
Is 74 a factor of 90798?
True
Is 35 a factor of 381398?
False
Does 122 divide 606516?
False
Is 7662251 a multiple of 187?
False
Does 27 divide 471445?
False
Is 148 a factor of 164428?
True
Is 157 a factor of 8572514?
True
Does 22 divide 931304?
True
Is 5750662 a multiple of 448?
False
Is 194965 a multiple of 7?
False
Does 506 divide 11880649?
False
Does 69 divide 61508?
False
Is 16 a factor of 207696?
True
Does 639 divide 2331711?
True
Is 1004 a factor of 3222342?
False
Is 19548 a multiple of 27?
True
Does 36 divide 447552?
True
Does 444 divide 2638280?
False
Is 5 a factor of 83825?
True
Is 377 a factor of 9048?
True
Is 8 a factor of 209688?
True
Does 14 divide 97272?
True
Is 37908 a multiple of 9?
True
Is 11330 a multiple of 22?
True
Is 112 a factor of 1070879?
False
Does 76 divide 288702?
False
Is 139 a factor of 310109?
True
Is 68 a factor of 2915432?
True
Is 238266 a multiple of 254?
False
Is 12 a factor of 25232?
False
Is 7146555 a multiple of 15?
True
Is 135 a factor of 1280475?
True
Is 2722993 a multiple of 6?
False
Does 14 divide 849594?
False
Does 9 divide 1484632?
False
Is 63200 a multiple of 32?
True
Is 5 a factor of 2237156?
False
Does 737 divide 6369378?
False
Is 1997760 a multiple of 74?
False
Does 24 divide 56808?
True
Is 11 a factor of 3682327?
True
Is 47264 a multiple of 39?
False
Does 1711 divide 482482?
False
Does 77 divide 3197964?
True
Is 10 a factor of 3398900?
True
Does 77 divide 2914091?
False
Is 71543 a multiple of 55?
False
Does 1040 divide 8028800?
True
Is 351 a factor of 119703?
False
Does 3 divide 384525?
True
Is 651248 a multiple of 208?
True
Is 41 a factor of 2496276?
False
Is 85362 a multiple of 82?
True
Does 39 divide 2128620?
True
Does 230 divide 709090?
True
Does 43 divide 39603?
True
Does 449 divide 3084206?
False
Is 73